{"id":103,"date":"2023-03-31T19:06:02","date_gmt":"2023-03-31T19:06:02","guid":{"rendered":"https:\/\/oncofelazaro.com\/?page_id=103"},"modified":"2025-09-18T21:35:25","modified_gmt":"2025-09-18T21:35:25","slug":"inicio","status":"publish","type":"page","link":"https:\/\/oncofelazaro.com\/","title":{"rendered":"BIENVENIDOS"},"content":{"rendered":"\n<p class=\"has-x-large-font-size\"><strong>TESTIMONIO<\/strong><\/p>\n\n\n\n<div class=\"wp-block-columns is-layout-flex wp-container-core-columns-is-layout-9d6595d7 wp-block-columns-is-layout-flex\">\n<div class=\"wp-block-column is-layout-flow wp-block-column-is-layout-flow\" style=\"flex-basis:280px\">\n<figure class=\"wp-block-video\"><video controls src=\"https:\/\/oncofelazaro.com\/wp-content\/uploads\/2025\/02\/tumor_pancreas.mp4\"><\/video><\/figure>\n<\/div>\n\n\n\n<div class=\"wp-block-column is-layout-flow wp-block-column-is-layout-flow\">\n<p style=\"font-size:24px\">El doctor <strong>Alexander L\u00e1zaro Chumbe<\/strong>, jefe de cirug\u00eda oncol\u00f3gica del hospital Sabogal, coment\u00f3 que\u00a0<strong>la intervenci\u00f3n quir\u00fargica consisti\u00f3 en extirpar un tumor de aproximadamente cuatro cent\u00edmetros\u00a0<\/strong>localizado en la cabeza del p\u00e1ncreas, mediante un procedimiento llamado duodenopancreatectom\u00eda cef\u00e1lica proximal que se conoce como cirug\u00eda de Whipple.<\/p>\n<\/div>\n\n\n\n<div class=\"wp-block-column is-layout-flow wp-block-column-is-layout-flow\" style=\"flex-basis:10px\"><\/div>\n<\/div>\n\n\n\n<div style=\"height:0px\" aria-hidden=\"true\" class=\"wp-block-spacer\"><\/div>\n\n\n\n<div style=\"height:30px\" aria-hidden=\"true\" class=\"wp-block-spacer\"><\/div>\n\n\n\n<div class=\"wp-block-columns is-layout-flex wp-container-core-columns-is-layout-9d6595d7 wp-block-columns-is-layout-flex\">\n<div class=\"wp-block-column is-layout-flow wp-block-column-is-layout-flow\">\n<figure class=\"wp-block-video\"><video controls src=\"https:\/\/oncofelazaro.com\/wp-content\/uploads\/2025\/01\/Laparoscopica_tumor_higado_2025_01-ALEX-LAZARO.mp4\"><\/video><\/figure>\n<\/div>\n\n\n\n<div class=\"wp-block-column is-vertically-aligned-center is-layout-flow wp-block-column-is-layout-flow\">\n<p class=\"has-text-align-left has-black-color has-white-background-color has-text-color has-background has-link-color wp-elements-76d7c4166437657f297ae52ca7948a70\" style=\"font-size:24px\">Paciente mujer de 42 a\u00f1os operado de un tumor de h\u00edgado por v\u00eda laparosc\u00f3pica para que la recuperaci\u00f3n sea m\u00e1s r\u00e1pida y sin complicaciones, son las recomendaciones del especialista en cirug\u00eda oncol\u00f3gica abdominal.<\/p>\n\n\n\n<p class=\"has-text-align-center\"><\/p>\n\n\n\n<p class=\"has-text-align-center\" style=\"font-size:28px\"><strong>Dr. Alexander L\u00e1zaro<\/strong><\/p>\n\n\n\n<p class=\"has-text-align-center has-small-font-size\">Cirujano Onc\u00f3logo Abdominal<\/p>\n\n\n\n<p><\/p>\n\n\n\n<p class=\"has-text-align-left has-white-color has-text-color has-link-color has-small-font-size wp-elements-bd0caaeebe02eb936c99fa8531bdcbbe\"><\/p>\n<\/div>\n\n\n\n<div class=\"wp-block-column is-layout-flow wp-block-column-is-layout-flow\">\n<figure class=\"wp-block-image size-full\"><img loading=\"lazy\" decoding=\"async\" width=\"1024\" height=\"1280\" src=\"https:\/\/oncofelazaro.com\/wp-content\/uploads\/2025\/09\/InmunoterapiaCombinada.jpeg\" alt=\"\" class=\"wp-image-810\" srcset=\"https:\/\/oncofelazaro.com\/wp-content\/uploads\/2025\/09\/InmunoterapiaCombinada.jpeg 1024w, https:\/\/oncofelazaro.com\/wp-content\/uploads\/2025\/09\/InmunoterapiaCombinada-240x300.jpeg 240w, https:\/\/oncofelazaro.com\/wp-content\/uploads\/2025\/09\/InmunoterapiaCombinada-819x1024.jpeg 819w, https:\/\/oncofelazaro.com\/wp-content\/uploads\/2025\/09\/InmunoterapiaCombinada-768x960.jpeg 768w\" sizes=\"auto, (max-width: 1024px) 100vw, 1024px\" \/><\/figure>\n<\/div>\n<\/div>\n\n\n\n<div style=\"height:30px\" aria-hidden=\"true\" class=\"wp-block-spacer\"><\/div>\n\n\n\n<p class=\"has-text-align-center has-large-font-size\"><strong>TRATAMIENTO DE C\u00c1NCER DE H\u00cdGADO<\/strong><\/p>\n\n\n\n<div class=\"wp-block-columns is-layout-flex wp-container-core-columns-is-layout-9d6595d7 wp-block-columns-is-layout-flex\">\n<div class=\"wp-block-column is-layout-flow wp-block-column-is-layout-flow\">\n<figure class=\"wp-block-video\"><video controls src=\"https:\/\/oncofelazaro.com\/wp-content\/uploads\/2024\/03\/Tratamiento-del-cancer-de-higado-1.mp4\"><\/video><\/figure>\n<\/div>\n\n\n\n<div class=\"wp-block-column is-layout-flow wp-block-column-is-layout-flow\">\n<figure class=\"wp-block-video\"><video controls src=\"https:\/\/oncofelazaro.com\/wp-content\/uploads\/2024\/03\/Tratamiento-del-cancer-de-higado-2.mp4\"><\/video><\/figure>\n<\/div>\n\n\n\n<div class=\"wp-block-column is-layout-flow wp-block-column-is-layout-flow\">\n<figure class=\"wp-block-video\"><video controls src=\"https:\/\/oncofelazaro.com\/wp-content\/uploads\/2024\/03\/Tratamiento-del-cancer-de-higado-3.mp4\"><\/video><\/figure>\n<\/div>\n\n\n\n<div class=\"wp-block-column is-layout-flow wp-block-column-is-layout-flow\"><\/div>\n<\/div>\n\n\n\n<div class=\"wp-block-columns is-layout-flex wp-container-core-columns-is-layout-9d6595d7 wp-block-columns-is-layout-flex\">\n<div class=\"wp-block-column is-layout-flow wp-block-column-is-layout-flow\">\n<figure class=\"wp-block-video\"><video controls src=\"https:\/\/oncofelazaro.com\/wp-content\/uploads\/2024\/03\/Tratamiento-del-cancer-de-higado-4.mp4\"><\/video><\/figure>\n<\/div>\n\n\n\n<div class=\"wp-block-column is-layout-flow wp-block-column-is-layout-flow\">\n<figure class=\"wp-block-video\"><video controls src=\"https:\/\/oncofelazaro.com\/wp-content\/uploads\/2024\/03\/Tratamiento-del-cancer-de-higado-5.mp4\"><\/video><\/figure>\n<\/div>\n\n\n\n<div class=\"wp-block-column is-layout-flow wp-block-column-is-layout-flow\">\n<figure class=\"wp-block-video\"><video controls src=\"https:\/\/oncofelazaro.com\/wp-content\/uploads\/2023\/03\/Video-Home-Page.mp4\"><\/video><\/figure>\n<\/div>\n\n\n\n<div class=\"wp-block-column is-layout-flow wp-block-column-is-layout-flow\"><\/div>\n<\/div>\n","protected":false},"excerpt":{"rendered":"<p>TESTIMONIO El doctor Alexander L\u00e1zaro Chumbe, jefe de cirug\u00eda oncol\u00f3gica del hospital Sabogal, coment\u00f3 que\u00a0la intervenci\u00f3n quir\u00fargica consisti\u00f3 en extirpar un tumor de aproximadamente cuatro cent\u00edmetros\u00a0localizado en la cabeza del p\u00e1ncreas, mediante un procedimiento llamado duodenopancreatectom\u00eda cef\u00e1lica proximal que se conoce como cirug\u00eda de Whipple. Paciente mujer de 42 a\u00f1os operado de un tumor de&hellip;<\/p>\n<p class=\"more-link\"><a href=\"https:\/\/oncofelazaro.com\/\" class=\"themebutton2\">Read More<\/a><\/p>\n","protected":false},"author":1,"featured_media":0,"parent":0,"menu_order":0,"comment_status":"closed","ping_status":"closed","template":"","meta":{"footnotes":""},"class_list":["post-103","page","type-page","status-publish","hentry"],"aioseo_notices":[],"_links":{"self":[{"href":"https:\/\/oncofelazaro.com\/index.php\/wp-json\/wp\/v2\/pages\/103","targetHints":{"allow":["GET"]}}],"collection":[{"href":"https:\/\/oncofelazaro.com\/index.php\/wp-json\/wp\/v2\/pages"}],"about":[{"href":"https:\/\/oncofelazaro.com\/index.php\/wp-json\/wp\/v2\/types\/page"}],"author":[{"embeddable":true,"href":"https:\/\/oncofelazaro.com\/index.php\/wp-json\/wp\/v2\/users\/1"}],"replies":[{"embeddable":true,"href":"https:\/\/oncofelazaro.com\/index.php\/wp-json\/wp\/v2\/comments?post=103"}],"version-history":[{"count":57,"href":"https:\/\/oncofelazaro.com\/index.php\/wp-json\/wp\/v2\/pages\/103\/revisions"}],"predecessor-version":[{"id":827,"href":"https:\/\/oncofelazaro.com\/index.php\/wp-json\/wp\/v2\/pages\/103\/revisions\/827"}],"wp:attachment":[{"href":"https:\/\/oncofelazaro.com\/index.php\/wp-json\/wp\/v2\/media?parent=103"}],"curies":[{"name":"wp","href":"https:\/\/api.w.org\/{rel}","templated":true}]}}